{"id":60,"date":"2016-10-26T13:50:57","date_gmt":"2016-10-26T12:50:57","guid":{"rendered":"http:\/\/glandasstrail.com\/wordpress\/?page_id=60"},"modified":"2020-05-14T08:51:18","modified_gmt":"2020-05-14T07:51:18","slug":"videos","status":"publish","type":"page","link":"https:\/\/glandasstrail.com\/?page_id=60","title":{"rendered":"Vid\u00e9os"},"content":{"rendered":"<p>D\u00e9couvrez le reportage de TF1 sur le cirque d&rsquo;Archiane<\/p>\n<p><code><iframe style=\"border: none; overflow: hidden;\" src=\"https:\/\/www.facebook.com\/plugins\/video.php?href=https%3A%2F%2Fwww.facebook.com%2Fvercors.escapade.randonnees%2Fvideos%2F672752706528568%2F&amp;show_text=0&amp;width=560\" width=\"560\" height=\"315\" frameborder=\"0\" scrolling=\"no\" allowfullscreen=\"allowfullscreen\"><\/iframe><\/code><\/p>\n<p>\u00c9dition 2018<br \/>\n<code><iframe src=\"https:\/\/www.youtube.com\/embed\/f7ltJrpClXM\" width=\"560\" height=\"315\" frameborder=\"0\" allowfullscreen=\"allowfullscreen\"><\/iframe><\/code><br \/>\nMAG3 &#8211; Vid\u00e9o<br \/>\n<code><iframe src=\"https:\/\/www.youtube.com\/embed\/N_mqbZc6Pzs\" width=\"560\" height=\"315\" frameborder=\"0\" allowfullscreen=\"allowfullscreen\"><\/iframe><\/code><br \/>\nMAG2- Video<br \/>\n<code><iframe src=\"https:\/\/www.youtube.com\/embed\/Zaz_jNFImhE\" width=\"560\" height=\"315\" frameborder=\"0\" allowfullscreen=\"allowfullscreen\"><\/iframe><\/code><br \/>\nMAG1- Vid\u00e9o \u00ab\u00a0Les Gallands &#8211; Col du Pinet\u00a0\u00bb<br \/>\n<code><iframe src=\"https:\/\/www.youtube.com\/embed\/el8noQFe8P8\" width=\"560\" height=\"315\" frameborder=\"0\" allowfullscreen=\"allowfullscreen\"><\/iframe><\/code><br \/>\nSurvol Glandasse :<br \/>\n<code><iframe src=\"https:\/\/www.youtube.com\/embed\/nl16syExE8s\" width=\"560\" height=\"315\" frameborder=\"0\" allowfullscreen=\"allowfullscreen\"><\/iframe><\/code><br \/>\nAnnonce de la cr\u00e9ation de Glandass&rsquo;Trail<br \/>\n<code><iframe src=\"https:\/\/www.youtube.com\/embed\/x7KPX8nJoik\" width=\"560\" height=\"315\" frameborder=\"0\" allowfullscreen=\"allowfullscreen\"><\/iframe><\/code><\/p>\n<p>Partez \u00e0 la d\u00e9couverte des cabanons de Chatillon<br \/>\n<code><iframe src=\"https:\/\/www.youtube.com\/embed\/EKaH3tH7zTk\" width=\"560\" height=\"315\" frameborder=\"0\" allowfullscreen=\"allowfullscreen\"><\/iframe><\/code><\/p>\n","protected":false},"excerpt":{"rendered":"<p>D\u00e9couvrez le reportage de TF1 sur le cirque d&rsquo;Archiane \u00c9dition 2018 MAG3 &#8211; Vid\u00e9o MAG2- Video MAG1- Vid\u00e9o \u00ab\u00a0Les Gallands &#8211; Col du Pinet\u00a0\u00bb Survol Glandasse : Annonce de la cr\u00e9ation de Glandass&rsquo;Trail Partez \u00e0 la d\u00e9couverte des cabanons de Chatillon<\/p>\n","protected":false},"author":1,"featured_media":0,"parent":0,"menu_order":0,"comment_status":"closed","ping_status":"closed","template":"","meta":{"footnotes":""},"class_list":["post-60","page","type-page","status-publish","hentry"],"yoast_head":"<!-- This site is optimized with the Yoast SEO plugin v27.5 - https:\/\/yoast.com\/product\/yoast-seo-wordpress\/ -->\n<title>Vid\u00e9os - Glandass&#039;Trail<\/title>\n<meta name=\"robots\" content=\"index, follow, max-snippet:-1, max-image-preview:large, max-video-preview:-1\" \/>\n<link rel=\"canonical\" href=\"https:\/\/glandasstrail.com\/?page_id=60\" \/>\n<meta property=\"og:locale\" content=\"fr_FR\" \/>\n<meta property=\"og:type\" content=\"article\" \/>\n<meta property=\"og:title\" content=\"Vid\u00e9os - Glandass&#039;Trail\" \/>\n<meta property=\"og:description\" content=\"D\u00e9couvrez le reportage de TF1 sur le cirque d&rsquo;Archiane \u00c9dition 2018 MAG3 &#8211; Vid\u00e9o MAG2- Video MAG1- Vid\u00e9o \u00ab\u00a0Les Gallands &#8211; Col du Pinet\u00a0\u00bb Survol Glandasse : Annonce de la cr\u00e9ation de Glandass&rsquo;Trail Partez \u00e0 la d\u00e9couverte des cabanons de Chatillon\" \/>\n<meta property=\"og:url\" content=\"https:\/\/glandasstrail.com\/?page_id=60\" \/>\n<meta property=\"og:site_name\" content=\"Glandass&#039;Trail\" \/>\n<meta property=\"article:modified_time\" content=\"2020-05-14T07:51:18+00:00\" \/>\n<script type=\"application\/ld+json\" class=\"yoast-schema-graph\">{\"@context\":\"https:\\\/\\\/schema.org\",\"@graph\":[{\"@type\":\"WebPage\",\"@id\":\"https:\\\/\\\/glandasstrail.com\\\/?page_id=60\",\"url\":\"https:\\\/\\\/glandasstrail.com\\\/?page_id=60\",\"name\":\"Vid\u00e9os - Glandass&#039;Trail\",\"isPartOf\":{\"@id\":\"https:\\\/\\\/glandasstrail.com\\\/#website\"},\"datePublished\":\"2016-10-26T12:50:57+00:00\",\"dateModified\":\"2020-05-14T07:51:18+00:00\",\"breadcrumb\":{\"@id\":\"https:\\\/\\\/glandasstrail.com\\\/?page_id=60#breadcrumb\"},\"inLanguage\":\"fr-FR\",\"potentialAction\":[{\"@type\":\"ReadAction\",\"target\":[\"https:\\\/\\\/glandasstrail.com\\\/?page_id=60\"]}]},{\"@type\":\"BreadcrumbList\",\"@id\":\"https:\\\/\\\/glandasstrail.com\\\/?page_id=60#breadcrumb\",\"itemListElement\":[{\"@type\":\"ListItem\",\"position\":1,\"name\":\"Accueil\",\"item\":\"https:\\\/\\\/glandasstrail.com\\\/\"},{\"@type\":\"ListItem\",\"position\":2,\"name\":\"Vid\u00e9os\"}]},{\"@type\":\"WebSite\",\"@id\":\"https:\\\/\\\/glandasstrail.com\\\/#website\",\"url\":\"https:\\\/\\\/glandasstrail.com\\\/\",\"name\":\"Glandass&#039;Trail\",\"description\":\"Le trail des hauts plateaux du vercors\",\"potentialAction\":[{\"@type\":\"SearchAction\",\"target\":{\"@type\":\"EntryPoint\",\"urlTemplate\":\"https:\\\/\\\/glandasstrail.com\\\/?s={search_term_string}\"},\"query-input\":{\"@type\":\"PropertyValueSpecification\",\"valueRequired\":true,\"valueName\":\"search_term_string\"}}],\"inLanguage\":\"fr-FR\"}]}<\/script>\n<!-- \/ Yoast SEO plugin. -->","yoast_head_json":{"title":"Vid\u00e9os - Glandass&#039;Trail","robots":{"index":"index","follow":"follow","max-snippet":"max-snippet:-1","max-image-preview":"max-image-preview:large","max-video-preview":"max-video-preview:-1"},"canonical":"https:\/\/glandasstrail.com\/?page_id=60","og_locale":"fr_FR","og_type":"article","og_title":"Vid\u00e9os - Glandass&#039;Trail","og_description":"D\u00e9couvrez le reportage de TF1 sur le cirque d&rsquo;Archiane \u00c9dition 2018 MAG3 &#8211; Vid\u00e9o MAG2- Video MAG1- Vid\u00e9o \u00ab\u00a0Les Gallands &#8211; Col du Pinet\u00a0\u00bb Survol Glandasse : Annonce de la cr\u00e9ation de Glandass&rsquo;Trail Partez \u00e0 la d\u00e9couverte des cabanons de Chatillon","og_url":"https:\/\/glandasstrail.com\/?page_id=60","og_site_name":"Glandass&#039;Trail","article_modified_time":"2020-05-14T07:51:18+00:00","schema":{"@context":"https:\/\/schema.org","@graph":[{"@type":"WebPage","@id":"https:\/\/glandasstrail.com\/?page_id=60","url":"https:\/\/glandasstrail.com\/?page_id=60","name":"Vid\u00e9os - Glandass&#039;Trail","isPartOf":{"@id":"https:\/\/glandasstrail.com\/#website"},"datePublished":"2016-10-26T12:50:57+00:00","dateModified":"2020-05-14T07:51:18+00:00","breadcrumb":{"@id":"https:\/\/glandasstrail.com\/?page_id=60#breadcrumb"},"inLanguage":"fr-FR","potentialAction":[{"@type":"ReadAction","target":["https:\/\/glandasstrail.com\/?page_id=60"]}]},{"@type":"BreadcrumbList","@id":"https:\/\/glandasstrail.com\/?page_id=60#breadcrumb","itemListElement":[{"@type":"ListItem","position":1,"name":"Accueil","item":"https:\/\/glandasstrail.com\/"},{"@type":"ListItem","position":2,"name":"Vid\u00e9os"}]},{"@type":"WebSite","@id":"https:\/\/glandasstrail.com\/#website","url":"https:\/\/glandasstrail.com\/","name":"Glandass&#039;Trail","description":"Le trail des hauts plateaux du vercors","potentialAction":[{"@type":"SearchAction","target":{"@type":"EntryPoint","urlTemplate":"https:\/\/glandasstrail.com\/?s={search_term_string}"},"query-input":{"@type":"PropertyValueSpecification","valueRequired":true,"valueName":"search_term_string"}}],"inLanguage":"fr-FR"}]}},"_links":{"self":[{"href":"https:\/\/glandasstrail.com\/index.php?rest_route=\/wp\/v2\/pages\/60","targetHints":{"allow":["GET"]}}],"collection":[{"href":"https:\/\/glandasstrail.com\/index.php?rest_route=\/wp\/v2\/pages"}],"about":[{"href":"https:\/\/glandasstrail.com\/index.php?rest_route=\/wp\/v2\/types\/page"}],"author":[{"embeddable":true,"href":"https:\/\/glandasstrail.com\/index.php?rest_route=\/wp\/v2\/users\/1"}],"replies":[{"embeddable":true,"href":"https:\/\/glandasstrail.com\/index.php?rest_route=%2Fwp%2Fv2%2Fcomments&post=60"}],"version-history":[{"count":9,"href":"https:\/\/glandasstrail.com\/index.php?rest_route=\/wp\/v2\/pages\/60\/revisions"}],"predecessor-version":[{"id":798,"href":"https:\/\/glandasstrail.com\/index.php?rest_route=\/wp\/v2\/pages\/60\/revisions\/798"}],"wp:attachment":[{"href":"https:\/\/glandasstrail.com\/index.php?rest_route=%2Fwp%2Fv2%2Fmedia&parent=60"}],"curies":[{"name":"wp","href":"https:\/\/api.w.org\/{rel}","templated":true}]}}