{"id":48,"date":"2016-10-26T13:21:39","date_gmt":"2016-10-26T12:21:39","guid":{"rendered":"http:\/\/glandasstrail.com\/wordpress\/?page_id=48"},"modified":"2026-04-29T10:31:40","modified_gmt":"2026-04-29T09:31:40","slug":"parcours-et-profils","status":"publish","type":"page","link":"https:\/\/glandasstrail.com\/?page_id=48","title":{"rendered":"Les Parcours"},"content":{"rendered":"\t\t<div data-elementor-type=\"wp-page\" data-elementor-id=\"48\" class=\"elementor elementor-48\">\n\t\t\t\t\t\t<section class=\"elementor-section elementor-top-section elementor-element elementor-element-1590c077 elementor-section-boxed elementor-section-height-default elementor-section-height-default\" data-id=\"1590c077\" data-element_type=\"section\" data-e-type=\"section\">\n\t\t\t\t\t\t<div class=\"elementor-container elementor-column-gap-default\">\n\t\t\t\t\t<div class=\"elementor-column elementor-col-100 elementor-top-column elementor-element elementor-element-42649557\" data-id=\"42649557\" data-element_type=\"column\" data-e-type=\"column\">\n\t\t\t<div class=\"elementor-widget-wrap elementor-element-populated\">\n\t\t\t\t\t\t<div class=\"elementor-element elementor-element-47250d8d elementor-widget elementor-widget-text-editor\" data-id=\"47250d8d\" data-element_type=\"widget\" data-e-type=\"widget\" data-widget_type=\"text-editor.default\">\n\t\t\t\t<div class=\"elementor-widget-container\">\n\t\t\t\t\t\t\t\t\t<p>2 Prcours pour 2026 et le retour de votre course favorite<\/p><p><a href=\"http:\/\/www.glandasstrail.com\/?page_id=195\">\u00a0 <\/a><a href=\"https:\/\/glandasstrail.com\/wp-content\/uploads\/2016\/10\/dossardtrophee.jpg\">\u00a0\u00a0<\/a><\/p>\t\t\t\t\t\t\t\t<\/div>\n\t\t\t\t<\/div>\n\t\t\t\t\t<\/div>\n\t\t<\/div>\n\t\t\t\t\t<\/div>\n\t\t<\/section>\n\t\t\t\t<section class=\"elementor-section elementor-top-section elementor-element elementor-element-35e2f33 elementor-section-boxed elementor-section-height-default elementor-section-height-default\" data-id=\"35e2f33\" data-element_type=\"section\" data-e-type=\"section\">\n\t\t\t\t\t\t<div class=\"elementor-container elementor-column-gap-default\">\n\t\t\t\t\t<div class=\"elementor-column elementor-col-100 elementor-top-column elementor-element elementor-element-f2f97f9\" data-id=\"f2f97f9\" data-element_type=\"column\" data-e-type=\"column\">\n\t\t\t<div class=\"elementor-widget-wrap elementor-element-populated\">\n\t\t\t\t\t\t<section class=\"elementor-section elementor-inner-section elementor-element elementor-element-d2308c5 elementor-section-boxed elementor-section-height-default elementor-section-height-default\" data-id=\"d2308c5\" data-element_type=\"section\" data-e-type=\"section\">\n\t\t\t\t\t\t<div class=\"elementor-container elementor-column-gap-default\">\n\t\t\t\t\t<div class=\"elementor-column elementor-col-50 elementor-inner-column elementor-element elementor-element-cdcc53a\" data-id=\"cdcc53a\" data-element_type=\"column\" data-e-type=\"column\">\n\t\t\t<div class=\"elementor-widget-wrap elementor-element-populated\">\n\t\t\t\t\t\t<div class=\"elementor-element elementor-element-1aabde8 elementor-widget elementor-widget-video\" data-id=\"1aabde8\" data-element_type=\"widget\" data-e-type=\"widget\" data-settings=\"{&quot;youtube_url&quot;:&quot;https:\\\/\\\/youtu.be\\\/a1WdhVXqnh0?si=3MUjK7bc5c8VC-xl&quot;,&quot;video_type&quot;:&quot;youtube&quot;,&quot;controls&quot;:&quot;yes&quot;}\" data-widget_type=\"video.default\">\n\t\t\t\t<div class=\"elementor-widget-container\">\n\t\t\t\t\t\t\t<div class=\"elementor-wrapper elementor-open-inline\">\n\t\t\t<div class=\"elementor-video\"><\/div>\t\t<\/div>\n\t\t\t\t\t\t<\/div>\n\t\t\t\t<\/div>\n\t\t\t\t<div class=\"elementor-element elementor-element-66ba73a elementor-widget elementor-widget-text-editor\" data-id=\"66ba73a\" data-element_type=\"widget\" data-e-type=\"widget\" data-widget_type=\"text-editor.default\">\n\t\t\t\t<div class=\"elementor-widget-container\">\n\t\t\t\t\t\t\t\t\t<iframe src=\"https:\/\/tracedetrail.fr\/fr\/iframe\/10007\" allowfullscreen style=\"border: 0;width: 100%; height: 800px;\" scrolling=\"no\"><\/iframe>\t\t\t\t\t\t\t\t<\/div>\n\t\t\t\t<\/div>\n\t\t\t\t\t<\/div>\n\t\t<\/div>\n\t\t\t\t<div class=\"elementor-column elementor-col-50 elementor-inner-column elementor-element elementor-element-c46e931\" data-id=\"c46e931\" data-element_type=\"column\" data-e-type=\"column\">\n\t\t\t<div class=\"elementor-widget-wrap elementor-element-populated\">\n\t\t\t\t\t\t<div class=\"elementor-element elementor-element-c45b98e elementor-widget elementor-widget-heading\" data-id=\"c45b98e\" data-element_type=\"widget\" data-e-type=\"widget\" data-widget_type=\"heading.default\">\n\t\t\t\t<div class=\"elementor-widget-container\">\n\t\t\t\t\t<h2 class=\"elementor-heading-title elementor-size-default\">28 KM - 1750D+<\/h2>\t\t\t\t<\/div>\n\t\t\t\t<\/div>\n\t\t\t\t<div class=\"elementor-element elementor-element-f9e0431 elementor-widget elementor-widget-text-editor\" data-id=\"f9e0431\" data-element_type=\"widget\" data-e-type=\"widget\" data-widget_type=\"text-editor.default\">\n\t\t\t\t<div class=\"elementor-widget-container\">\n\t\t\t\t\t\t\t\t\t<h2 data-path-to-node=\"0\">\u00c0 l&rsquo;Assaut du Glandass\u2019Trail : La Haute Voltige au C\u0153ur du Diois<\/h2><p data-path-to-node=\"1\">Pr\u00e9parez-vous \u00e0 marquer l\u2019histoire de la course en montagne. Pour cette ann\u00e9e 2026, Die vous ouvre les portes d\u2019une aventure brute et verticale : la <b data-path-to-node=\"1\" data-index-in-node=\"149\">nouvelle version du Glandass\u2019Trail<\/b>.<\/p><p data-path-to-node=\"2\">Oubliez les sentiers battus et entrez dans la l\u00e9gende du Diois avec un format in\u00e9dit de <b data-path-to-node=\"2\" data-index-in-node=\"88\">28 km<\/b> con\u00e7u pour ceux qui n&rsquo;ont pas peur de tutoyer les sommets.<\/p><hr data-path-to-node=\"3\" \/><h3 data-path-to-node=\"4\">Pourquoi relever le d\u00e9fi ?<\/h3><ul data-path-to-node=\"5\"><li><p data-path-to-node=\"5,0,0\"><b data-path-to-node=\"5,0,0\" data-index-in-node=\"0\">L\u2019Exigence Pure :<\/b> Avec <b data-path-to-node=\"5,0,0\" data-index-in-node=\"23\">1750 m de d\u00e9nivel\u00e9 positif<\/b>, ce parcours ne fait pas de concessions. C\u2019est une v\u00e9ritable initiation \u00e0 la \u00ab\u00a0haute voltige\u00a0\u00bb, o\u00f9 chaque foul\u00e9e vous rapproche des cr\u00eates majestueuses.<\/p><\/li><li><p data-path-to-node=\"5,1,0\"><b data-path-to-node=\"5,1,0\" data-index-in-node=\"0\">Un Trac\u00e9 Sauvage :<\/b> Plongez dans l&rsquo;intimit\u00e9 des <b data-path-to-node=\"5,1,0\" data-index-in-node=\"47\">drayes du Glandasse<\/b>. Entre passages techniques et sentiers escarp\u00e9s, vous d\u00e9couvrirez une nature indompt\u00e9e, loin du tumulte, l\u00e0 o\u00f9 le silence n&rsquo;est rompu que par le souffle des coureurs.<\/p><\/li><li><p data-path-to-node=\"5,2,0\"><b data-path-to-node=\"5,2,0\" data-index-in-node=\"0\">Un Patrimoine d&rsquo;Exception :<\/b> Au d\u00e9tour de cet effort intense, laissez-vous surprendre par la s\u00e9r\u00e9nit\u00e9 de l&rsquo;<b data-path-to-node=\"5,2,0\" data-index-in-node=\"106\">Abbaye de Valcroissant<\/b>, joyau nich\u00e9 au pied de la muraille de calcaire, offrant un contraste saisissant avec la rudesse du sommet.<\/p><\/li><\/ul><hr data-path-to-node=\"6\" \/><h3 data-path-to-node=\"7\">Devenez un Pionnier<\/h3><p data-path-to-node=\"8\">\u00catre au d\u00e9part de cette premi\u00e8re \u00e9dition \u00e0 Die, c\u2019est accepter de baptiser un parcours qui deviendra, sans nul doute, une r\u00e9f\u00e9rence du trail alpin. Que vous soyez un montagnard aguerri ou un traileur en qu\u00eate de d\u00e9passement, le Glandasse vous attend pour une exp\u00e9rience immersive et spectaculaire.<\/p><blockquote data-path-to-node=\"9\"><p data-path-to-node=\"9,0\"><b data-path-to-node=\"9,0\" data-index-in-node=\"0\">Infos Cl\u00e9s :<\/b><\/p><ul data-path-to-node=\"9,1\"><li><p data-path-to-node=\"9,1,0,0\"><b data-path-to-node=\"9,1,0,0\" data-index-in-node=\"0\">Distance :<\/b> 28 km<\/p><\/li><li><p data-path-to-node=\"9,1,1,0\"><b data-path-to-node=\"9,1,1,0\" data-index-in-node=\"0\">D\u00e9nivel\u00e9 :<\/b> 1750 m D+<\/p><\/li><li><p data-path-to-node=\"9,1,2,0\"><b data-path-to-node=\"9,1,2,0\" data-index-in-node=\"0\">Lieu :<\/b> Die (26)<\/p><\/li><li><p data-path-to-node=\"9,1,3,0\"><b data-path-to-node=\"9,1,3,0\" data-index-in-node=\"0\">Le bonus :<\/b> Un passage inoubliable par l&rsquo;Abbaye de Valcroissant.<\/p><\/li><\/ul><\/blockquote><p data-path-to-node=\"10\"><b data-path-to-node=\"10\" data-index-in-node=\"0\">Oserez-vous d\u00e9fier le g\u00e9ant du Diois ?<\/b> Inscrivez-vous d\u00e8s maintenant et soyez les premiers \u00e0 inscrire votre nom au palmar\u00e8s de cette version revisit\u00e9e.<\/p>\t\t\t\t\t\t\t\t<\/div>\n\t\t\t\t<\/div>\n\t\t\t\t\t<\/div>\n\t\t<\/div>\n\t\t\t\t\t<\/div>\n\t\t<\/section>\n\t\t\t\t<section class=\"elementor-section elementor-inner-section elementor-element elementor-element-d982d27 elementor-section-boxed elementor-section-height-default elementor-section-height-default\" data-id=\"d982d27\" data-element_type=\"section\" data-e-type=\"section\">\n\t\t\t\t\t\t<div class=\"elementor-container elementor-column-gap-default\">\n\t\t\t\t\t<div class=\"elementor-column elementor-col-50 elementor-inner-column elementor-element elementor-element-d411914\" data-id=\"d411914\" data-element_type=\"column\" data-e-type=\"column\">\n\t\t\t<div class=\"elementor-widget-wrap elementor-element-populated\">\n\t\t\t\t\t\t<div class=\"elementor-element elementor-element-8beb8fe elementor-widget elementor-widget-video\" data-id=\"8beb8fe\" data-element_type=\"widget\" data-e-type=\"widget\" data-settings=\"{&quot;youtube_url&quot;:&quot;https:\\\/\\\/youtu.be\\\/m4yXl6qrG5w&quot;,&quot;video_type&quot;:&quot;youtube&quot;,&quot;controls&quot;:&quot;yes&quot;}\" data-widget_type=\"video.default\">\n\t\t\t\t<div class=\"elementor-widget-container\">\n\t\t\t\t\t\t\t<div class=\"elementor-wrapper elementor-open-inline\">\n\t\t\t<div class=\"elementor-video\"><\/div>\t\t<\/div>\n\t\t\t\t\t\t<\/div>\n\t\t\t\t<\/div>\n\t\t\t\t<div class=\"elementor-element elementor-element-6c94163 elementor-widget elementor-widget-text-editor\" data-id=\"6c94163\" data-element_type=\"widget\" data-e-type=\"widget\" data-widget_type=\"text-editor.default\">\n\t\t\t\t<div class=\"elementor-widget-container\">\n\t\t\t\t\t\t\t\t\t<iframe src=\"https:\/\/tracedetrail.fr\/fr\/iframe\/10006\" allowfullscreen style=\"border: 0;width: 100%; height: 800px;\" scrolling=\"no\"><\/iframe>\t\t\t\t\t\t\t\t<\/div>\n\t\t\t\t<\/div>\n\t\t\t\t\t<\/div>\n\t\t<\/div>\n\t\t\t\t<div class=\"elementor-column elementor-col-50 elementor-inner-column elementor-element elementor-element-1c36213\" data-id=\"1c36213\" data-element_type=\"column\" data-e-type=\"column\">\n\t\t\t<div class=\"elementor-widget-wrap elementor-element-populated\">\n\t\t\t\t\t\t<div class=\"elementor-element elementor-element-67a4604 elementor-widget elementor-widget-heading\" data-id=\"67a4604\" data-element_type=\"widget\" data-e-type=\"widget\" data-widget_type=\"heading.default\">\n\t\t\t\t<div class=\"elementor-widget-container\">\n\t\t\t\t\t<h2 class=\"elementor-heading-title elementor-size-default\">12 KM - 700D+<\/h2>\t\t\t\t<\/div>\n\t\t\t\t<\/div>\n\t\t\t\t<div class=\"elementor-element elementor-element-0b98e42 elementor-widget elementor-widget-text-editor\" data-id=\"0b98e42\" data-element_type=\"widget\" data-e-type=\"widget\" data-widget_type=\"text-editor.default\">\n\t\t\t\t<div class=\"elementor-widget-container\">\n\t\t\t\t\t\t\t\t\t<h2 data-path-to-node=\"0\">Glandass\u2019Trail \u2013 Version 12 km : Votre Bapt\u00eame en Terre Dioise<\/h2><p data-path-to-node=\"1\">Envie de go\u00fbter \u00e0 la magie du Glandasse sans encore oser la grande aventure ? Le <b data-path-to-node=\"1\" data-index-in-node=\"81\">parcours de 12 km<\/b> est fait pour vous. V\u00e9ritable condens\u00e9 de sensations, cette version \u00ab\u00a0D\u00e9couverte\u00a0\u00bb est la porte d\u2019entr\u00e9e id\u00e9ale pour explorer les contreforts de ce massif embl\u00e9matique, \u00e0 la fronti\u00e8re sauvage entre le <b data-path-to-node=\"1\" data-index-in-node=\"298\">Diois<\/b> et le <b data-path-to-node=\"1\" data-index-in-node=\"310\">Vercors<\/b>.<\/p><hr data-path-to-node=\"2\" \/><h3 data-path-to-node=\"3\">Ce qui vous attend sur les sentiers<\/h3><ul data-path-to-node=\"4\"><li><p data-path-to-node=\"4,0,0\"><b data-path-to-node=\"4,0,0\" data-index-in-node=\"0\">Le D\u00e9fi Vertical :<\/b> Avec <b data-path-to-node=\"4,0,0\" data-index-in-node=\"24\">700 m de d\u00e9nivel\u00e9 positif<\/b>, ne vous fiez pas \u00e0 la distance ! C\u2019est une \u00ab\u00a0bonne grimpette\u00a0\u00bb qui vous attend, parfaite pour tester vos appuis et faire chauffer les cuisseaux sur les balcons du Glandasse.<\/p><\/li><li><p data-path-to-node=\"4,1,0\"><b data-path-to-node=\"4,1,0\" data-index-in-node=\"0\">Pur Plaisir de Pilotage :<\/b> Oubliez le bitume, place aux <b data-path-to-node=\"4,1,0\" data-index-in-node=\"55\">beaux singles<\/b> sinueux et aux portions de relance nerveuses. C\u2019est un trac\u00e9 ludique, technique juste ce qu\u2019il faut pour s\u2019initier aux sp\u00e9cificit\u00e9s du terrain montagnard local.<\/p><\/li><li><p data-path-to-node=\"4,2,0\"><b data-path-to-node=\"4,2,0\" data-index-in-node=\"0\">Ambiance Course :<\/b> Restez vigilants ! Sur la fin du parcours, il faudra garder un \u0153il dans votre dos&#8230; Les premiers bolides du 28 km pourraient bien revenir sur vous pour un final partag\u00e9 dans une ambiance \u00e9lectrique.<\/p><\/li><\/ul><hr data-path-to-node=\"5\" \/><h3 data-path-to-node=\"6\">Un avant-go\u00fbt pour l&rsquo;avenir<\/h3><p data-path-to-node=\"7\">Ici, <b data-path-to-node=\"7\" data-index-in-node=\"5\">pas d\u2019Abbaye de Valcroissant<\/b> au programme (on la garde pour le grand format !), mais un panorama exceptionnel sur les terres du Diois qui vous donnera, \u00e0 coup s\u00fbr, des id\u00e9es pour l\u2019ann\u00e9e prochaine. Consid\u00e9rez ce 12 km comme un rep\u00e9rage grandeur nature : une immersion dans la beaut\u00e9 brute du Vercors pour vous donner l\u2019audace, un jour, d&rsquo;affronter le grand format.<\/p><blockquote data-path-to-node=\"8\"><p data-path-to-node=\"8,0\"><b data-path-to-node=\"8,0\" data-index-in-node=\"0\">Le Recap&rsquo; :<\/b><\/p><ul data-path-to-node=\"8,1\"><li><p data-path-to-node=\"8,1,0,0\"><b data-path-to-node=\"8,1,0,0\" data-index-in-node=\"0\">Distance :<\/b> 12 km (Format D\u00e9couverte)<\/p><\/li><li><p data-path-to-node=\"8,1,1,0\"><b data-path-to-node=\"8,1,1,0\" data-index-in-node=\"0\">D\u00e9nivel\u00e9 :<\/b> 700 m D+<\/p><\/li><li><p data-path-to-node=\"8,1,2,0\"><b data-path-to-node=\"8,1,2,0\" data-index-in-node=\"0\">Terrain :<\/b> 100% plaisir, singles techniques et relances.<\/p><\/li><li><p data-path-to-node=\"8,1,3,0\"><b data-path-to-node=\"8,1,3,0\" data-index-in-node=\"0\">Objectif :<\/b> Se faire plaisir et prendre rendez-vous pour le 28 km !<\/p><\/li><\/ul><\/blockquote><p data-path-to-node=\"9\"><b data-path-to-node=\"9\" data-index-in-node=\"0\">Pr\u00eats \u00e0 relever le d\u00e9fi ?<\/b> Venez d\u00e9couvrir pourquoi le Glandasse fascine tant les amoureux de nature et de d\u00e9nivel\u00e9.<\/p>\t\t\t\t\t\t\t\t<\/div>\n\t\t\t\t<\/div>\n\t\t\t\t\t<\/div>\n\t\t<\/div>\n\t\t\t\t\t<\/div>\n\t\t<\/section>\n\t\t\t\t\t<\/div>\n\t\t<\/div>\n\t\t\t\t\t<\/div>\n\t\t<\/section>\n\t\t\t\t<\/div>\n\t\t","protected":false},"excerpt":{"rendered":"<p>2 Prcours pour 2026 et le retour de votre course favorite \u00a0 \u00a0\u00a0 https:\/\/youtu.be\/a1WdhVXqnh0?si=3MUjK7bc5c8VC-xl 28 KM &#8211; 1750D+ \u00c0 l&rsquo;Assaut du Glandass\u2019Trail : La Haute Voltige au C\u0153ur du Diois Pr\u00e9parez-vous \u00e0 marquer l\u2019histoire de la course en montagne. Pour cette ann\u00e9e 2026, Die vous ouvre les portes d\u2019une aventure<a href=\"https:\/\/glandasstrail.com\/?page_id=48\" class=\"read-more\">Read More&#8230;<\/a><\/p>\n","protected":false},"author":1,"featured_media":0,"parent":0,"menu_order":0,"comment_status":"closed","ping_status":"closed","template":"","meta":{"footnotes":""},"class_list":["post-48","page","type-page","status-publish","hentry"],"yoast_head":"<!-- This site is optimized with the Yoast SEO plugin v27.5 - https:\/\/yoast.com\/product\/yoast-seo-wordpress\/ -->\n<title>Les Parcours - Glandass&#039;Trail<\/title>\n<meta name=\"robots\" content=\"index, follow, max-snippet:-1, max-image-preview:large, max-video-preview:-1\" \/>\n<link rel=\"canonical\" href=\"https:\/\/glandasstrail.com\/?page_id=48\" \/>\n<meta property=\"og:locale\" content=\"fr_FR\" \/>\n<meta property=\"og:type\" content=\"article\" \/>\n<meta property=\"og:title\" content=\"Les Parcours - Glandass&#039;Trail\" \/>\n<meta property=\"og:description\" content=\"2 Prcours pour 2026 et le retour de votre course favorite \u00a0 \u00a0\u00a0 https:\/\/youtu.be\/a1WdhVXqnh0?si=3MUjK7bc5c8VC-xl 28 KM &#8211; 1750D+ \u00c0 l&rsquo;Assaut du Glandass\u2019Trail : La Haute Voltige au C\u0153ur du Diois Pr\u00e9parez-vous \u00e0 marquer l\u2019histoire de la course en montagne. Pour cette ann\u00e9e 2026, Die vous ouvre les portes d\u2019une aventureRead More...\" \/>\n<meta property=\"og:url\" content=\"https:\/\/glandasstrail.com\/?page_id=48\" \/>\n<meta property=\"og:site_name\" content=\"Glandass&#039;Trail\" \/>\n<meta property=\"article:modified_time\" content=\"2026-04-29T09:31:40+00:00\" \/>\n<meta name=\"twitter:label1\" content=\"Dur\u00e9e de lecture estim\u00e9e\" \/>\n\t<meta name=\"twitter:data1\" content=\"3 minutes\" \/>\n<script type=\"application\/ld+json\" class=\"yoast-schema-graph\">{\"@context\":\"https:\\\/\\\/schema.org\",\"@graph\":[{\"@type\":\"WebPage\",\"@id\":\"https:\\\/\\\/glandasstrail.com\\\/?page_id=48\",\"url\":\"https:\\\/\\\/glandasstrail.com\\\/?page_id=48\",\"name\":\"Les Parcours - Glandass&#039;Trail\",\"isPartOf\":{\"@id\":\"https:\\\/\\\/glandasstrail.com\\\/#website\"},\"datePublished\":\"2016-10-26T12:21:39+00:00\",\"dateModified\":\"2026-04-29T09:31:40+00:00\",\"breadcrumb\":{\"@id\":\"https:\\\/\\\/glandasstrail.com\\\/?page_id=48#breadcrumb\"},\"inLanguage\":\"fr-FR\",\"potentialAction\":[{\"@type\":\"ReadAction\",\"target\":[\"https:\\\/\\\/glandasstrail.com\\\/?page_id=48\"]}]},{\"@type\":\"BreadcrumbList\",\"@id\":\"https:\\\/\\\/glandasstrail.com\\\/?page_id=48#breadcrumb\",\"itemListElement\":[{\"@type\":\"ListItem\",\"position\":1,\"name\":\"Accueil\",\"item\":\"https:\\\/\\\/glandasstrail.com\\\/\"},{\"@type\":\"ListItem\",\"position\":2,\"name\":\"Les Parcours\"}]},{\"@type\":\"WebSite\",\"@id\":\"https:\\\/\\\/glandasstrail.com\\\/#website\",\"url\":\"https:\\\/\\\/glandasstrail.com\\\/\",\"name\":\"Glandass&#039;Trail\",\"description\":\"Le trail des hauts plateaux du vercors\",\"potentialAction\":[{\"@type\":\"SearchAction\",\"target\":{\"@type\":\"EntryPoint\",\"urlTemplate\":\"https:\\\/\\\/glandasstrail.com\\\/?s={search_term_string}\"},\"query-input\":{\"@type\":\"PropertyValueSpecification\",\"valueRequired\":true,\"valueName\":\"search_term_string\"}}],\"inLanguage\":\"fr-FR\"}]}<\/script>\n<!-- \/ Yoast SEO plugin. -->","yoast_head_json":{"title":"Les Parcours - Glandass&#039;Trail","robots":{"index":"index","follow":"follow","max-snippet":"max-snippet:-1","max-image-preview":"max-image-preview:large","max-video-preview":"max-video-preview:-1"},"canonical":"https:\/\/glandasstrail.com\/?page_id=48","og_locale":"fr_FR","og_type":"article","og_title":"Les Parcours - Glandass&#039;Trail","og_description":"2 Prcours pour 2026 et le retour de votre course favorite \u00a0 \u00a0\u00a0 https:\/\/youtu.be\/a1WdhVXqnh0?si=3MUjK7bc5c8VC-xl 28 KM &#8211; 1750D+ \u00c0 l&rsquo;Assaut du Glandass\u2019Trail : La Haute Voltige au C\u0153ur du Diois Pr\u00e9parez-vous \u00e0 marquer l\u2019histoire de la course en montagne. Pour cette ann\u00e9e 2026, Die vous ouvre les portes d\u2019une aventureRead More...","og_url":"https:\/\/glandasstrail.com\/?page_id=48","og_site_name":"Glandass&#039;Trail","article_modified_time":"2026-04-29T09:31:40+00:00","twitter_misc":{"Dur\u00e9e de lecture estim\u00e9e":"3 minutes"},"schema":{"@context":"https:\/\/schema.org","@graph":[{"@type":"WebPage","@id":"https:\/\/glandasstrail.com\/?page_id=48","url":"https:\/\/glandasstrail.com\/?page_id=48","name":"Les Parcours - Glandass&#039;Trail","isPartOf":{"@id":"https:\/\/glandasstrail.com\/#website"},"datePublished":"2016-10-26T12:21:39+00:00","dateModified":"2026-04-29T09:31:40+00:00","breadcrumb":{"@id":"https:\/\/glandasstrail.com\/?page_id=48#breadcrumb"},"inLanguage":"fr-FR","potentialAction":[{"@type":"ReadAction","target":["https:\/\/glandasstrail.com\/?page_id=48"]}]},{"@type":"BreadcrumbList","@id":"https:\/\/glandasstrail.com\/?page_id=48#breadcrumb","itemListElement":[{"@type":"ListItem","position":1,"name":"Accueil","item":"https:\/\/glandasstrail.com\/"},{"@type":"ListItem","position":2,"name":"Les Parcours"}]},{"@type":"WebSite","@id":"https:\/\/glandasstrail.com\/#website","url":"https:\/\/glandasstrail.com\/","name":"Glandass&#039;Trail","description":"Le trail des hauts plateaux du vercors","potentialAction":[{"@type":"SearchAction","target":{"@type":"EntryPoint","urlTemplate":"https:\/\/glandasstrail.com\/?s={search_term_string}"},"query-input":{"@type":"PropertyValueSpecification","valueRequired":true,"valueName":"search_term_string"}}],"inLanguage":"fr-FR"}]}},"_links":{"self":[{"href":"https:\/\/glandasstrail.com\/index.php?rest_route=\/wp\/v2\/pages\/48","targetHints":{"allow":["GET"]}}],"collection":[{"href":"https:\/\/glandasstrail.com\/index.php?rest_route=\/wp\/v2\/pages"}],"about":[{"href":"https:\/\/glandasstrail.com\/index.php?rest_route=\/wp\/v2\/types\/page"}],"author":[{"embeddable":true,"href":"https:\/\/glandasstrail.com\/index.php?rest_route=\/wp\/v2\/users\/1"}],"replies":[{"embeddable":true,"href":"https:\/\/glandasstrail.com\/index.php?rest_route=%2Fwp%2Fv2%2Fcomments&post=48"}],"version-history":[{"count":37,"href":"https:\/\/glandasstrail.com\/index.php?rest_route=\/wp\/v2\/pages\/48\/revisions"}],"predecessor-version":[{"id":1131,"href":"https:\/\/glandasstrail.com\/index.php?rest_route=\/wp\/v2\/pages\/48\/revisions\/1131"}],"wp:attachment":[{"href":"https:\/\/glandasstrail.com\/index.php?rest_route=%2Fwp%2Fv2%2Fmedia&parent=48"}],"curies":[{"name":"wp","href":"https:\/\/api.w.org\/{rel}","templated":true}]}}